alculate 9 + (2 - 11) + (2 - 1).
1
What is -2 + 0 + 6 + 3?
7
What is the value of (11 - 7 - 0) + (1 - 4)?
1
What is the value of (-1 - -2) + -2 + -2?
-3
What is 2 + -2 + 4 + -6?
-2
-1 + (1 - 0) - (2 + -5)
3
Evaluate 0 + (1 - 1) + 1 - -6.
7
(9 - (6 - (1 + 4))) + -3
5
What is (-8 - -5) + 4 + -1?
0
What is -6 + (1 - 9) + 16?
2
What is 3 + -1 + 9 + -8 - -5?
8
Evaluate 0 + 3 + (-1 - -3).
5
Calculate (-6 - (-10 - -1)) + (-12 - -13).
4
Evaluate 3 + -5 - (-8 + -1).
7
What is (2 + -1 - -2) + 6 + -5?
4
Evaluate 9 + -1 - (-5 + 7 - -3).
3
What is (-7 + -2 - 0) + 14?
5
-69 + 63 + (7 - -2)
3
What is -11 + (10 - (-10 - -7))?
2
What is -2 - -2 - (-1 + -7) - 2?
6
Calculate -3 + (-4 - -2) + (2 - -3).
0
Calculate -9 - 1 - (4 + -9).
-5
Calculate -4 + 12 + 2 + -6.
4
What is -4 - (2 + -2 + -1) - -3?
0
What is 7 - (4 - (-5 - -7))?
5
Evaluate 3 - ((0 - 0) + 0 + 1).
2
4 + (-6 - (10 + -17))
5
Calculate 13 + -7 + (-12 - 1) + -1.
-8
What is (1 - ((1 - 0) + 0)) + -4?
-4
(-1 - (12 + 0)) + (494 - 488)
-7
(-11 + 7 - (2 + 0)) + 5
-1
Evaluate -1 - (7 - 1 - 6).
-1
What is -4 + 2 + -5 + 5?
-2
What is (2 - -1) + (-7 - -4) + -1?
-1
-1 - (-2 + -2 - (-1 - 5))
-3
What is the value of (-4 - -2) + (-2 + 0 - -4)?
0
What is the value of 6 - 2 - (114 + -120)?
10
Evaluate 21 + -2 + -19 + 6 + 1.
7
What is 1 - (-1 - 0 - 1)?
3
Evaluate -27 - -20 - (-1 + -3).
-3
Calculate (5 - 5) + -3 - -2.
-1
What is the value of 8 - (-1 + (-6 - -14)) - -2?
3
5 - -5 - 4 - 11
-5
What is the value of 1 + -4 + -1 + 1?
-3
Evaluate -2 - ((-1 - 0) + 5).
-6
What is 9 + -2 + 14 + -23?
-2
What is the value of 1 - -10 - 13 - (1 + 2)?
-5
-3 - (-4 - (-3 + 3))
1
Calculate (-25 - -13) + 9 - 0.
-3
What is the value of 5 + (20 - 21 - (2 + -1))?
3
What is the value of (-1 - (-2 - 1)) + 1 + 2?
5
12 + (-12 - (1 - 7))
6
Evaluate (-31 - -30) + (-2 - -1) + 2.
0
What is (5 - -6) + -2 + -13?
-4
Evaluate -69 + 74 - (7 - (-1 - -3)).
0
Calculate 2 - 8 - (7 + -11).
-2
Evaluate -2 + ((-7 - -6) + -4 - -2).
-5
Calculate (-1 - (3 + -8)) + 2.
6
What is the value of (0 - 1 - -4) + (-2 - -2)?
3
What is the value of -5 + 3 + 2 + -1 - -4?
3
Calculate (-1 - 5) + -6 + 6 + 3.
-3
What is -1 - 0 - 1 - -3?
1
What is 3 - (8 - (6 + -6))?
-5
Evaluate -4 + 2 + (-17 - -21).
2
5 + -4 + 3 + -3
1
Evaluate -8 + (6 - (1 - 4)).
1
Calculate -2 + 1 + (31 - 24).
6
What is the value of -2 - (-11 + (-2 - -3))?
8
What is -3 - ((4 - 2) + (-1 - 3))?
-1
Calculate -4 - -3 - (11 - 18).
6
-9 - (-5 - (-6 + 8))
-2
What is the value of 20 + -15 + -10 + 6?
1
Calculate -5 + -1 + -3 + (3 - -3).
-3
What is -3 - (-5 - 0) - 4?
-2
Calculate 3 - (-7 + (-7 - -4 - -9)).
4
What is the value of 7 + 1 + -1 + -4?
3
What is 0 + (4 - -3) - 5?
2
What is the value of -9 + 13 - (9 + -1)?
-4
What is the value of (3 + -7 - -2) + 4 - 1?
1
Calculate -1 + (-6 - -4) + 3 + -2.
-2
Calculate -1 + (-1 - (4 - 3)) - -1.
-2
What is the value of -8 - (6 - 7) - -12?
5
2 - (0 - -1) - (-6 - -8)
-1
Evaluate 0 - 0 - (2 - (9 + -11)).
-4
What is the value of 1 + 8 + -8 - -5?
6
What is the value of (-4 - -1) + 1 + -3 + -4?
-9
Evaluate -3 - (-2 - -1) - (-1 + 4).
-5
What is -3 + -1 + (-10 + 13 - -1)?
0
Evaluate -1 + 2 + -3 + -5 + 2.
-5
What is (-1 - (-1 - -1 - 6)) + -2?
3
Evaluate 1 - (-3 + 1 + (19 - 23)).
7
What is 4 - 1 - (-2 - (10 + -12))?
3
Calculate -13 + 10 + -4 - -12.
5
2 - 2 - (0 - (-3 - 0))
-3
Evaluate -1 - -4 - (-16 - -20).
-1
What is 1 + 1 + -1 + 1?
2
4 - (11 + -6 - 0)
-1
Calculate -2 - (2 + (5 - 3) - 3).
-3
Calculate (3 - -2) + 4 - 15.
-6
Calculate (1 - 13) + 5 + 15.
8
Calculate 14 + (-6 - 1) + -3.
4
Calculate 10 + -6 - (3 + -3).
4
-3 + (-2 - (-10 + -4))
9
Evaluate -1 + 1 + -2 + -1.
-3
What is 4 + -6 + 2 + -6?
-6
Calculate 3 - ((-4 - -1) + 6).
0
Calculate (4 - (1 - -8)) + (10 - 3).
2
Evaluate 13 - (-5 + -1 + 6 + 5).
8
Evaluate 2 - (4 + 4 - 4).
-2
-5 + (20 + -17 - (2 - 1))
-3
What is the value of 0 - ((2 - 5) + 5 - 5)?
3
What is -4 + -4 + 3 + -2?
-7
What is 0 + 2 + -8 + -2 + 4?
-4
What is -1 + 6 + 5 + 2 + -5?
7
(0 - -7) + 2 + -8
1
Calculate -22 + 17 - (0 - 7).
2
Calculate (-3 - -1 - -1) + 2 - -3.
4
(7 - 13) + 3 - (-8 - 1)
6
What is 1 + 4 - ((-1 - 3) + 5)?
4
Calculate -12 + 12 + (2 - 3).
-1
What is (-5 - -10) + 1 + -5 - 5?
-4
Evaluate 0 + 1 + 0 + 2 + -5.
-2
Calculate -111 + 97 - (0 - 9).
-5
Calculate -11 - (-5 - 3 - -3).
-6
What is the value of (0 - 0 - (-7 - -11)) + 3?
-1
What is (3 - 2) + 0 + -2 + -2?
-3
What is (-7 - (-6 - 1)) + 3?
3
What is the value of 6 + -10 - (7 - 13)?
2
-2 - (7 - (4 + 2 + -2))
-5
What is the value of -1 + 1 + (7 - (4 - -7))?
-4
What is the value of -3 - -8 - (-3 + 0)?
8
16 - 8 - (11 - -2) - -4
-1
Calculate -3 - (4 + -9) - -3.
5
Evaluate -4 + 4 + 3 - 1.
2
Calculate -6 - (-2 - (3 + 3)).
2
Evaluate 18 - 12 - (13 + -1).
-6
What is 4 + -5 + -10 + 14?
3
What is the value of (-5 - -5) + (2 - 0)?
2
15 - 17 - (-6 + 1)
3
What is -1 + 1 - ((21 - 9) + -14)?
2
4 - (-2 - -4 - -2)
0
What is 3 + -5 + 0 + -2?
-4
What is the value of -10 + -2 - -7 - 1?
-6
What is (-7 - 0) + (4 - 0)?
-3
What is the value of (-3 - -12) + -5 + 1?
5
Calculate (0 - (-7 + -6)) + 0 + -7.
6
What is 2 + -3 - (-3 + 3)?
-1
What is 0 + (-4 - 0 - (-8 - -3))?
1
What is -4 - 3 - -18 - 4 - 0?
7
What is 0 + (1 - 0) - (-17 + 11)?
7
What is 7 - (8 + -3 + 6)?
-4
6 + -3 + 2 + 0 + -12
-7
What is (0 + 5 + -6 - -1) + 4?
4
Evaluate -1 + 0 + 3 - 6.
-4
What is the value of -4 - -3 - (-1 + 4 - 8)?
4
Calculate (-3 - (-5 + 0)) + -3.
-1
Evaluate 11 + 7 + -7 + -16.
-5
What is -4 + -1 + 3 + -19 + 20?
-1
Evaluate -4 - (-3 + -10 + 9).
0
What is -2 + 3 + -2 + (1 - 0)?
0
Evaluate -39 + 7 + 11 + 12.
-9
Evaluate (2 - (-2 - 2) - 7) + 1.
0
What is -5 - -5 - (3 - (-2 - -3))?
-2
Evaluate -4 + -1 - (10 + -12 - 5).
2
What is -9 + (-3 + -8 + 7 - -6)?
-7
What is 20 + (14 - 30) - (-5 - -1)?
8
-7 - -4 - -4 - (-2 - -3)
0
What is the value of (-4 - -5) + 1 + -1?
1
What is the value of -1 + 3 - (10 + -22 - -7)?
7
What is the value of -5 + 0 - (65 + -75) - 3?
2
6 + -6 + (4 - 3)
1
What is (-1 - 1) + (2 - 3)?
-3
Evaluate -4 + (3 - -2 - 4).
-3
Calculate (7 + -6 - (-1 - 2)) + -10.
-6
-15 - -10 - (9 - 20)
6
1 - (0 - 2) - (1 - -2)
0
-4 + 4 + 1 - 2
-1
9 + (-25 - (1 + -11))
-6
Calculate (-21 - -14) + 1 + -1 + 17.
10
What is the value of 15 + -18 + (-1 - -6)?
2
Calculate 10 + 0 + -5 - 5.
0
Calculate -3 + -2 - (-1 + 1 + -5).
0
What is -3 - -21 - (12 + -1)?
7
Evaluate (19 - 3 - 6) + -11.
-1
What is the value of -2 - -3 - (3 + -5)?
3
0 + 3 + 8 + -8
3
What is the value of 2 - (-3 - 5) - (2 + 3)?
5
What is the value of (3 - 0 - -1) + 0 + 0?
4
Calculate -3 + 4 + 3 + -4.
0
What is the value of (-20 - -9) + (13 - -3)?
5
Calculate 2 + -2 - (10 + -7).
-3
Evaluate 11 + -4 - -5 - 2 - 4.
6
3 + (0 - (-3 - -8))
-2
Evaluate -14 + 5 + (-7 - -15 - 6).
-7
Calculate -5 - 2 - (2 + (4 - 21)).
8
-5 + 1 + -3 + 6
-1
Evaluate 4 + 1 + (1 - 3).
3
Evaluate -7 - (5 - (12 - 0)).
0
Calculate 0 - -5 - (-11 - -11).
5
Calculate (-2 - (-2 - 4)) + -4 + 8.
8
What is the value of 4 - (-1 - -2 - (-2 - -3))?
4
Evaluate -46 - -53 - (0 - -14).
-7
Evaluate (10 - 5) + 5 + -5 - 5.
0
What is 0 + 7 + -11 - -1?
-3
Evaluate 1 + -4 + 10 + 3 + -10.
0
13 + -4 + -14 + 8
3
(6 - 6 - 1) + 2
1
Calculate -2 + (1 - (1 - -3 - 5)).
0
What is the value of 8 + (-22 - -6) + 4?
-4
Evaluate 1 - (1 + -3) - (-41 + 46).
-2
Calculate -6 - (8 + 2 + -23 - -3).
4
Calculate -4 + 6 + 6 + -3.
5
What is the value of -3 + (11 + -3 + -1 - 7)?
-3
6 + (4 - 2 - 0)
8
Calculate (-2 - (1 - (1 - 2))) + -1.
-5
What is the value of -11 + 9 + (4 - (-2 - -2))?
2
What is the value of -8 + 1 + 5 + 3 + 2?
3
Evaluate -5 - (-14 + 12 + -2 + 0).
-1
-5 - (-2 - -10 - 17)
4
(17 - 5) + -14 + -6
-8
What is 3 + (10 - (-5 - -25))?
-7
Evaluate (2 - 3 - -2) + 0.
1
What is the value of -2 - (-1 + (0 - 3))?
2
Evaluate (1 - 5) + (24 - 15).
5
Evaluate (27 + -7 - 6) + -8.
6
What is the value of (-4 - 1) + 11 + -2?
4
What is (23 - 22) + (0 - 1)?
0
0 + 11 + (14 - 20)
5
What is (-1 + 0 - -1) + (4 - 7)?
-3
Evaluate 1 + -6 + (-3 - -2) + 5.
-1
4 + -8 + 5 + 1 + -2
0
What is -1 - (3 + -1 + (3 - 1))?
-5
(-1 - (-5 - -1)) + 0 + 1
4
What is the value of -5 + 8 + -3 + 0?
0
(-1 - 1 - -8 - 0) + -5
1
11 - ((5 - -7) + -1)
0
Evaluate -4 + -2 + 4 - (10 - 10).
-2
(-1 - -5) + (40 - 48)
-4
Evaluate 8 - 9 - (0 + -2 + -4).
5
What is (5 + -2 - (-7 - -16)) + 8?
2
What is the value of -8 - (-10 - -5) - (1 + -2